
2, 73
Let u(w) be the first derivative of -3*w**4/2 - 4*w**3/3 + 5*w**2/2 + 7*w + 10. Let m be u(-3). Let p = m - -22. What are the prime factors of p?
2, 5, 7
Suppose 0 = -4*z + 2*h + 20280, 13*h + 5088 = z + 8*h. What are the prime factors of z?
2, 7, 181
Suppose -5*n - 4*r = -7*r - 24, 0 = -n - 3*r - 6. Suppose 0 = -9*w + 5*w + 20. Suppose -n*f + 2*f + 2*m = -29, -87 = -3*f + w*m. List the prime factors of f.
29
Let h(s) = s**3 + 19*s**2 + 33*s + 17. Let l be h(-17). Let y = l - -548. List the prime factors of y.
2, 3, 97
Let d(z) = -25*z + 145. Let p be d(6). Let j = 1006 + p. What are the prime factors of j?
7, 11, 13
Let f = -2855 + 3066. Let q(b) = -72*b + 2. Let l be q(2). Let n = l + f. What are the prime factors of n?
3, 23
Let x = -14685 + 20735. List the prime factors of x.
2, 5, 11
Suppose 12*h + 112862 = 18*h - 17302. List the prime factors of h.
2, 10847
Let i(d) = 12401*d**2 - 37*d + 1. List the prime factors of i(-1).
7, 1777
Suppose 0 = r + 5, 2*k - 2*r = -7*r + 269. Suppose -4*g + 1567 = k. What are the prime factors of g?
5, 71
Let t = -8 - -14. Suppose r = 4*r - t. Suppose 4*l + 2*u = 42, -4*l - 5*u = -r*u - 39. List the prime factors of l.
2, 3
Suppose 0*o = 6*o - 252. Suppose -3*a - o = a - 2*b, -12 = -a - 4*b. List the prime factors of 215/(-2)*a/10.
2, 43
List the prime factors of (2/(-6))/(22 + 42832972/(-1946952)).
2, 3, 3863
Let w(z) = z**3 + 5*z**2 + 8*z + 5. Let g be w(-3). Let d be 656/208 + ((-4)/(-26))/g. What are the prime factors of 874/d - (-36)/54?
2, 73
Let f(b) = b**2 - 1. Let q(g) = 4*g**2 - 7*g - 28. Let k(n) = -3*f(n) + q(n). Suppose 57*h - 176 = 46*h. What are the prime factors of k(h)?
7, 17
Let u = 81 + 8. Suppose 2*i + 2*i - u = 3*s, -2*s = 3*i + 48. What are the prime factors of s/((-1 - 0)/(-4 + 5))?
3
Let d(z) = 20*z - 34. Let g be d(9). Let x = 280 - g. Suppose 0 = 2*a + o - x, 2*o = -6*a + a + 337. List the prime factors of a.
3, 23
Suppose 4*q = 12, 4*f - 2332 = -5*q + 8179. What are the prime factors of f?
2, 41
Let d(t) = t**2 + 36*t - 110. Let y be d(26). Let j = -609 + y. List the prime factors of j.
19, 47
Suppose 3*s - 13*d - 2845 = -12*d, 2*s = -5*d + 1925. List the prime factors of s.
2, 5, 19
Let f be (-1)/((-2)/(16/(-3 - 1))). Let p be (5 + f - 2) + -213. Let v = -16 - p. List the prime factors of v.
2, 7
Let b be -2*(20 - 2)/(-3). Suppose 3*g = -0*g - b. Let w = g + 35. List the prime factors of w.
31
Suppose l + 2 = 0, -4*l = -5*k + 501 + 992. Let w = k + -126. List the prime factors of w.
3, 19
Let p(m) = -5*m - 248. Let v be p(0). What are the prime factors of 29/(((-2)/v)/((-10)/(-40)))?
29, 31
Let a(r) = 24*r - 180. Let n be a(7). Let j(c) = c**3 + 16*c**2 - 11*c - 48. List the prime factors of j(n).
2, 3, 5, 11
Let n(x) = -19*x**3 - 6*x**3 + 31*x - 1 + 24*x**3 + 23*x**2 + 0. List the prime factors of n(22).
5, 233
Suppose 3*y + q - 68311 = 0, 2*y = 2*q - 3*q + 45543. What are the prime factors of y?
2, 1423
Let v(n) = -n**3 + 9*n**2 - 8*n + 8. Let g be v(8). Let f(c) = c**3 + 14*c**2 - 4*c + 11. Let j be f(-14). Let h = j - g. List the prime factors of h.
59
Let d = -2418 - 374. What are the prime factors of (-60)/16*d/6?
5, 349
Let q(c) = 529*c**3 + 13*c**2 - 22*c + 7. What are the prime factors of q(3)?
14341
Let k(x) = x**2 - 11*x - 7. Let j be -2*3/(1 - 4). Suppose 3*t - 25 = 2*f, f - 4*t = j*f - 15. What are the prime factors of k(f)?
73
Let a = 493 - 475. Let s(u) = -u**3 + 24*u**2 - 58*u + 42. What are the prime factors of s(a)?
2, 3, 157
Suppose -17*u - 136 = -1428. What are the prime factors of 35549/u - 1/(-4)?
2, 3, 13
Let a be (2 - 0)*(-9)/18. Let m(l) = -938*l + 17. What are the prime factors of m(a)?
5, 191
Suppose -22*t = 15*t + 44*t - 1280772. What are the prime factors of t?
2, 59, 67
Let k(p) be the second derivative of 5*p**4/4 - 23*p**3/6 + 13*p**2/2 - 19*p + 1. List the prime factors of k(11).
3, 5, 7
Let u = -17825 - -32824. List the prime factors of u.
53, 283
Let c(l) = l**3 - 19*l**2 - 22*l + 55. Let s be c(20). What are the prime factors of 41205/75 - 6/s?
3, 61
Let s(h) = 8*h**2 - 3*h + 7. Let c = 18 - 25. Let f be s(c). Suppose -25*y = -20*y - f. List the prime factors of y.
2, 3, 7
Let u = 105 - 305. Let f = u + 489. List the prime factors of f.
17
Suppose -604 = 6*a - 4408. Let v = -290 + a. What are the prime factors of v?
2, 43
Let c = -521 + 526. Suppose -s = -13 + 3. Suppose -4*m = -4*t - 3*m + 44, 3*t - s = -c*m. List the prime factors of t.
2, 5
Let i be (-6)/4 + 882/36. Let a = 17 - i. List the prime factors of ((-124)/6)/(2/a).
2, 31
Suppose 2*b - 7*b + 3*i + 8 = 0, -3*b + 8 = -i. What are the prime factors of 30/b*(1068/18 - 2)?
2, 5, 43
Suppose 69915 = 566*x - 271*x. List the prime factors of x.
3, 79
Let q(h) = 2397*h**2 - 42*h - 54. List the prime factors of q(-4).
2, 3, 2137
Suppose 14*u - 16*u + 8 = 0. Let n be u/(-6)*99/22. Let p(x) = x**2 + 6*x + 15. What are the prime factors of p(n)?
2, 3
Suppose 320*p - 200760 = 1401164 + 6242876. List the prime factors of p.
5, 4903
Suppose 40*d = -3*d + 1806. Suppose -6*f + 36 = -d. List the prime factors of f.
13
Let p = 28866 - -1708. List the prime factors of p.
2, 15287
Suppose 18*t + 50 = 23*t. Suppose -9*k + t*k = -75. Let z = k - -186. What are the prime factors of z?
3, 37
Suppose -f - 81 = w - 0*w, f + 161 = -2*w. Let s = -90 - w. List the prime factors of (24/s)/(2/760*-6).
2, 19
Suppose 0 = -112*s + 164793 + 66375. What are the prime factors of s?
2, 3, 43
Suppose 6607 = 9*b - 2852. Suppose b = 13*n - 2160. List the prime factors of n.
13, 19
Let l = 369 - 618. Let u = 1172 - l. What are the prime factors of u?
7, 29
Let x be -7*(-70)/49*4/10. Suppose -x*u - 141 = -957. What are the prime factors of u?
2, 3, 17
Suppose 15 - 15 = 30*o. What are the prime factors of 335 + -1 + (5 - o/8)?
3, 113
Let q(x) = 29*x**2 - 51*x - 35. Let u(n) = -6*n**2 + 10*n + 7. Let s(j) = -2*q(j) - 11*u(j). Let d be (0 + -1)*1 - -6. List the prime factors of s(d).
3, 17
Suppose 5*t + 18609 = -67*s + 69*s, 3*t = 3. What are the prime factors of s?
41, 227
Let v(r) = -43*r**3 + 3*r**2 - 24*r - 71. What are the prime factors of v(-5)?
3, 13, 47
Let k(z) = 9*z**3 + 9*z**2 - 47*z + 759. What are the prime factors of k(12)?
3, 13, 19, 23
Let g = -758 + 2925. List the prime factors of g.
11, 197
Suppose 2*b = 2*s + 33043 + 25855, -24 = -3*s. What are the prime factors of b?
3, 1091
Let o(b) = b**3 + 2*b**2 - b - 3. Let r be o(-2). List the prime factors of 15/(-10)*r*166.
3, 83
Suppose 3*y = 5*w - 52207, -2*w - 3*y + 6252 = -14614. What are the prime factors of w?
11, 13, 73
Let y(j) = 7276*j**3 + j**2 - 94*j + 93. What are the prime factors of y(1)?
2, 17, 107
Suppose -3*v + 0*v = 5*r + 44, 4*v - 2*r = -76. What are the prime factors of (3 - v - 2)*869/11?
19, 79
Let p(d) = 891*d - 142 - d**2 - 472*d - 458*d. What are the prime factors of p(-33)?
2, 7
Let z be ((-12)/(-8))/((-2)/(-4)). Suppose 0 = -m - 5*d - 6, z*m = -2*d + 5 + 3. Suppose 7*k - 3*s = 2*k + 1220, 0 = -m*s. What are the prime factors of k?
2, 61
Suppose -3*v + 3*z + 318 = z, 5*z - 231 = -2*v. What are the prime factors of (-4 + v/21)/((-6)/(-1659))?
2, 79
Let q(k) = 17*k + 2004. What are the prime factors of q(-50)?
2, 577
List the prime factors of 130/(-100) - (-2)/4 - 11448912/(-240).
3, 15901
Suppose 8*c - 5*c - 9 = 0. Suppose -c*r = -1612 + 178. List the prime factors of r.
2, 239
Suppose 4*w = 5*t - 144028, -6*w + 8*w - 86430 = -3*t. What are the prime factors of t?
2, 13, 277
What are the prime factors of (-33297)/(-4) + 2 + (-3)/12?
2, 23, 181
Let a(y) be the first derivative of y**2 - 32*y - 17. Let i be a(17). Suppose i*l + 2 = 0, -3*l = 4*b - 229 + 16. What are the prime factors of b?
2, 3
Suppose -27*q = -123232 + 49252. List the prime factors of q.
2, 5, 137
Let s(a) = 4250*a - 3814. List the prime factors of s(12).
2, 23593
Let m(o) = 2*o + 49. Let v be m(-25). What are the prime factors of v + 1007 + -9 + 10?
19, 53
Let w be ((-2)/(-6))/(26/28158). Let o = 24 + w. Suppose 2*b + o = 5*s, -s + 355 = 4*s + 4*b. What are the prime factors of s?
3, 5
Let m(v) = -5*v**2 + 28 + 24*v**2 + 11*v - 13*v**2 + v**2. List the prime factors of m(-4).
2, 3
What are the prime factors of -52*(4549/(-6) - (-22)/33)?
2, 3, 5, 13, 101
Let b = 47 -